
41 + 4 + 102 + -101 + (2 - 2)
46
What is the value of 2 - ((44 - 35) + -8 + 4) - 14?
-17
Evaluate 49 - (77 + -28 + -47).
47
What is (-91 + 91 + 7 - (39 + 0)) + 4?
-28
What is -5 + 5 - (0 - -3 - (-25 - (-3 - 14)))?
-11
What is 251 - -30 - 49 - 121?
111
Evaluate 24 + (-40 - -18) - (6 + -3 - 43).
42
What is (54 + -7 - (-2 - 2)) + (5 - 7)?
49
Calculate 147 - 136 - (-42 + -7 + 6).
54
Evaluate (-10 + -1 - (3 + 1)) + -1618 + 1610.
-23
What is the value of -8 - (-14 + -5) - 3 - (-10 - (-12 - -5))?
11
Evaluate -126 - ((20 - 27) + -60).
-59
Evaluate (234 - 262) + -8 + 24.
-12
Calculate 184 + -81 + -88 - (-1 + -45).
61
What is the value of 93 + 29 - 259 - -74?
-63
What is the value of -5 + (3 - 16 - -19) - (-10 + 74)?
-63
What is the value of -6 + 2 + -40 + (-839 - -996)?
113
Calculate 38 - (-138 + 160 - (5 - -3)).
24
What is the value of -58 + 2 + (-544 - -568)?
-32
What is the value of -3787 + 3712 - (21 - -2)?
-98
Calculate 1595 + -1604 + -10 + (-5 - -6).
-18
What is the value of 1 + 9 + (-1 - 9) + 15 + -33 - 8?
-26
What is the value of 13 + -41 - (17 + -44)?
-1
What is the value of 22 - (3 + -61) - 150?
-70
What is the value of -32 + -13 + 71 + -55?
-29
-3 + 58 - (520 - 494)
29
103 + -89 - (3 - 38)
49
Evaluate 18 - ((-18 - 21) + 4 - -20).
33
What is 1 - (2 + -3) - (56 - 55) - (-236 - -139)?
98
(-218 - -254) + -39 + -12
-15
Evaluate (-109 - -25) + 25 + 2.
-57
-26 - (25 + (-16 - (0 - -15)))
-20
Evaluate (-21 - -1 - -12) + (13 - (-11 - -91)) - 4.
-79
Calculate (-109 - (57 + -251)) + -86.
-1
24 + ((1 - -9) + -18 - -12)
28
Evaluate -41 + -18 + -7 + (-10 - -40).
-36
-63 + -2 + 15 + (38 - (-6 + 60))
-66
What is the value of (1 - (0 - -7)) + (33 - (-25 + -12))?
64
(-10 + -1 - (-22 + 15) - -15) + -86 + 12
-63
Calculate (5 - (9 - 2 - 7)) + 86 + -30.
61
What is (-3 + -10 - (-24 + 27)) + 13?
-3
What is -12 + 15 + -6 + -3 + -5 - (-47 + -1)?
37
13 + (-19 - 0 - -13) + 15
22
Evaluate (313 - (-113 + 277)) + -66.
83
What is the value of 66 - (-42 + 99) - 50?
-41
What is (-15 - 6) + -37 + -3 + 87?
26
What is (13 - 20) + 12 - (-2 + (-1 - -6) + 71)?
-69
Calculate 105 + -107 + (-13 - 75) + 16.
-74
Evaluate -7 - (18 - (46 + -36)).
-15
Calculate -49 - (-128 - -30) - 47.
2
Calculate (-6 - (-14 + 4)) + (-1 - (-3 + -35)).
41
Evaluate 13 - (-12 + -3 - (-36 + (-13 - -32))).
11
7 + -46 - (-19 - (9 + 2))
-9
Calculate -94 + 1 + -3 + 589 + -594 - -1.
-100
Evaluate -35 + (-10 - (-3 + 0 + (-240 - -234))).
-36
Calculate 127 + (-5 + -34 - 3) - 20.
65
What is -1 + 20 + 2144 + -2160?
3
Calculate (106 + -85 - 33) + -124.
-136
What is the value of (0 - 12) + (-46 - (-14 + -43)) - (-57 - -6)?
50
Calculate 1 + 5 + (13 - (-1 + 6 + -3)).
17
(2 + 10 + 0 - (-2921 + 2916)) + 44
61
Evaluate 87 - (-31 + (-81 - -119)).
80
5 + -2 - (0 - (2 + -3 + (79 - 79)))
2
Evaluate -2 + 0 + 6 - ((-1 - -18 - -51) + -15).
-49
Evaluate -5 + -1 + -5 - (-3 - (0 + 0 - -35)).
27
Calculate -44 + -38 + 26 + -15 - -17.
-54
Evaluate 131 + 56 + -170 - (1 - 6).
22
Calculate (0 - -5) + -17 - -1 - (-154 + (-5 - -6)).
142
Evaluate -34 + 14 - (2 - -35 - 7).
-50
What is -442 + 414 + (3 - 25)?
-50
Evaluate -41 - (-21 + -55) - (3 - -16).
16
What is -450 + 437 + 4 + -2 + 7 + (-1 - 25)?
-30
Calculate -36 + 40 + -2 - (63 - -2) - -8.
-55
53 - (-44 + 45 - -113)
-61
What is the value of -189 - -264 - (16 - 0) - 38?
21
-112 + 134 + -50 - -147
119
3 + -2 - (5 + (-24 - -10) + 5 - 63)
68
What is the value of (-5 - 11) + 11 - (18 - (-9 + 8))?
-24
Evaluate 4 + -40 + 138 + -144 + -22.
-64
Evaluate 60 + 0 - ((-6 - 28) + 404 + -388).
78
What is the value of -3 + (0 - -2) + 10536 + -10592?
-57
What is 38 + (37 - 110) + 25 + (2 - 4 - -89)?
77
Calculate 20 - (-14 - -24 - (9 + -10) - (10 + 12)).
31
What is the value of 9 + -35 + (18 - -6) + -7?
-9
What is (0 - 45) + (12 - (-7 + 8))?
-34
Evaluate -106 - 12 - (-121 + 47).
-44
Evaluate 28 + -153 + 81 + 47.
3
10 + (-12 - (19 + -6 + 52)) - (-1 - -9)
-75
Calculate (-28 - 18) + (-50 - -49).
-47
What is the value of (4 - (29 + -52 + 52)) + 46?
21
(21 + (-31 - -11) - 28) + 24
-3
Evaluate (-4 + -16 - (-10 + -2)) + 57.
49
What is 17 - 52 - -24 - -8?
-3
What is the value of 496 + -515 - (2 - (0 + 74))?
53
(-16 - -125 - 142) + -85
-118
Evaluate 19 + -8 + -15 + 21 + 11.
28
What is 30 + -33 - (12 + -10 - -9) - 15?
-29
Evaluate (-402 - -418) + (4 + -3 - 23).
-6
What is 1 - 32 - ((2 - -25) + -56)?
-2
Calculate 56 + (-19 - (90 + -56)) + (-1 - (-1 + 15)).
-12
What is the value of -96 - ((0 - -9) + -31) - ((-3 - 8) + 0)?
-63
Calculate (-106 - -30) + 80 - (-17 - 3).
24
31 + -17 - (-69 + -4)
87
Calculate (6 + -3 - (4 + -1 - 31)) + (-726 - -721).
26
11 - ((62 - 14) + (-7 - 5))
-25
What is the value of -8 + 11 + -82 + (20 - (-6 + 21))?
-74
77 + 39 + -91 - 42
-17
Calculate 3 - (26 - ((12 - -6) + -17)).
-22
Calculate -62 - (-17 + -1 - (-2 + 18 - 16)).
-44
What is the value of 14 + 16 + (13 - 55) - 20 - -3?
-29
What is the value of -10 + 143 - (5 - -136)?
-8
What is 34 - (132 - (-45 + 75)) - (0 - 0 - 2)?
-66
What is (48 - (-81 + 117)) + (-4 - (119 - 0))?
-111
(6 - -1) + -16 + (4 + 4 - 13) + 46
32
What is 19 + (13 - (33 + (6 - 31))) - 115?
-91
(-1157 - -1148) + (-40 - (-1 - -1) - 2)
-51
Evaluate -5 - (8 - (-3 + (7 - -24) + 12)).
27
What is the value of -26 + 27 + -21 + 23 + 56 + -1?
58
Calculate -27 + 10 + -12 + (21 - 19).
-27
What is -12 + -1 + (-61 - (27 - 79))?
-22
Calculate -17 + 46 - 46 - -44.
27
What is the value of 63 - (-11 + 6) - (917 + -895)?
46
Calculate (-9 - -15) + (-49 + 1 - (-1 + 3)) + 0.
-44
Calculate 17 + -7 + 2 + 12 + 5 + (27 - 22).
34
Evaluate (-6 - -13) + (8 - (-12 + 2 - -11) - 1).
13
What is the value of (-5 - -77) + (2 - 15 - (-8 + -45 + 28))?
84
What is 60 - 1 - (-106 - (-159 - -54))?
60
Evaluate 16 - (180 - (-41 + 141)).
-64
Evaluate 13 - (24 + 19 + -18 - 29).
17
3 + -4 + 24 - (37 + (25 - 51))
12
Evaluate 26 + (-9 - (6 + 5 + 0 + -23)).
29
Evaluate -34 + (-13 - -42) - (-14 - -5).
4
(-21 - (-2 + 1 + -22)) + 45
47
What is the value of (3 - (6 - -6)) + -26 - -11 - (2 + -3)?
-23
What is 117 + 10 + (-228 - -240 - (16 + -1)) + -9?
115
Calculate (83 - (93 + 18)) + (3 - 24).
-49
Evaluate -2 - (-89 + 92) - (-15 + 1).
9
What is the value of -12 - 70 - -66 - (-1 - 35)?
20
-10 + -59 - ((27 - 54) + 30)
-72
What is the value of (4 + -13 - (-1 + -11)) + -2 + -1 + 4?
4
Evaluate -79 + 126 - 50 - (-26 - -2).
21
What is 35 - (-71 + -15 - -42)?
79
Calculate 37 + (11 - (19 + 8)) - 22.
-1
((-4 - 0) + 7 + -1 - -35) + -9 + 5
33
Evaluate -3 + (33 - 35) - (-6 + 53).
-52
What is the value of -17 + 9 + 9 + 3 + 2 + 30 + -8?
28
-9 - (2 + -4) - -4 - (-592 + 639)
-50
Evaluate (28 - 37 - -27) + (5 - 75).
-52
6 + 6 + -14 + 3 - -35 - -13
49
Calculate -65 + (-34 - -59) - 16.
-56
Evaluate -4 - (1 + -6) - (-18 + -1).
20
What is (-108 - -47) + 80 + -29 + 3?
-7
What is (13 - 26) + (-40 + 17 - -45)?
9
Calculate 7 + 6 + -12 + 2 + (73 - (-61 + 40)).
97
What is 29 + (-127 - -132) + (0 - 10) + 5?
29
What is the value of (-9 + -2 - -2) + 2 + (-8739 - -8728)?
-18
What is the value of -100 + (-899 - -919) + (-16 + -1 - 1)?
-98
What is (442 - 503 - (3 - 6)) + 0 + 18?
-40
Calculate 10 - (-12 + 17) - 9 - 37 - -14.
-27
Evaluate (-11 - (-5 - -19)) + (-2 - -13) + -1.
-15
Calculate -2 + 40 + -117 + 61.
-18
What is the value of -2 + (-1 - 14) - (40 - ((16 - -3) + 15))?
-23
What is -39 + (-36 - (-54 + 0))?
-21
-130 - (66 + (-204 - -56))
-48
What is -6 + (-25 - 63) + 4 + 16 + 2?
-72
(4 - (-3 - 2 - -11)) + 20
18
-4 - (4 - (-6 + 2 + 7 - -3) - 11)
9
Evaluate -27 - (16 - -6 - 36).
-13
What is (-92 - (-125 + 37)) + (-24 - 2)?
-30
(8 - 20 - (1 + 4)) + (-2 - 5) + -1
-25
Evaluate -11 + -40 + -1 + 40.
-12
(69 - 55) + (-7 - -12) + -83 + -1
-65
What is -10 + (-108 - -141 - ((-3 - -2) + 6))?
18
What is the value of 13 - (0 - -6 - (28 + 16 + -9))?
42
Evaluate (-69 - 2) + (3155 - 3122).
-38
What is 56 - 121 - 2 - (1 - 11)?
-57
Evaluate ((10 - 12) + 16 - 25) + 2 + 3 + 43.
37
What is -43 - ((27 - -1) + -11 - (0 + 10))?
-50
Evaluate 208 + -215 + 3 + 49 + -1.
44
Evaluate -3 + (-57 - -59) + -10.
-11
What is the value of (5 - -10) + (-2 + 17 - 31) + 32?
31
Evaluate (-2 - (-4 - -5)) + (-5459 - -5504).
42
What is -82 + 21 - (-42 + 5) - 25?
-49
Calculate (-10 - ((7 - 18) + (15 - -12))) + -6.
-32
Calculate -17 + 26 + (-7 - (-5 + -9)).
16
-65 - -145 - 88 - (-9 - (-3 + 1))
-1
Evaluat